Suppose -5*j + 3*j - 5*g + 606 = 0, -2*g + 606 = 2*j. What is the hundreds digit of j?
3
Let t = 44 - 9. Let z = 78 - t. Suppose 5*w + 87 + 98 = 5*d, -z = -d - 5*w. What is the units digit of d?
8
Let z(k) = -1155*k - 49. What is the units digit of z(-3)?
6
Let x(r) = 2*r**2 - 6*r - 12. Let j be x(4). What is the tens digit of 170 - -8 - j*1?
8
Let a = 48 - 33. Suppose -a = -4*r + r - u, 2*u = 5*r - 25. What is the units digit of r/10 - (-252)/8?
2
Let t = 1382 + 1220. What is the hundreds digit of t?
6
Let t(z) = 6*z + 12. Let a be t(-10). Let b = 55 - a. What is the units digit of b?
3
Suppose -5*y + 168 = -2*y - 3*r, -184 = -3*y - 5*r. Suppose 266 = 2*t + y. Suppose -5*j = 2*l - t, -l + 0*j + 65 = -4*j. What is the units digit of l?
7
Let b = -24 - -44. Suppose 2*k + 68 - 25 = -5*r, -2*r - 5*k - 34 = 0. Let m = b + r. What is the tens digit of m?
1
Suppose 4*u + u - 4*i = 711, u + 4*i = 123. What is the tens digit of u?
3
Let m be (-2*12/8)/(-1). Suppose 3*f - x - 5 = 5, 4*f - m*x - 20 = 0. What is the units digit of f/6 - 20/(-3)?
7
Let p be (-6)/(-4)*(-16)/(-24). Let i = p + 27. Suppose -5*s + 0*s + 34 = 3*o, 2*o - i = 2*s. What is the tens digit of o?
1
Let m(a) = -6*a + 3. Let t be m(-2). Let p be 906/(-8) + t/(-20). Let v = 180 + p. What is the tens digit of v?
6
Let u(m) be the third derivative of m**6/120 - m**5/10 + 7*m**4/24 - m**3/6 - 6*m**2. What is the units digit of u(6)?
1
Let y(v) = 217*v**2 - v - 4. What is the tens digit of y(-2)?
6
Suppose -3*g = -5*h - 127, -g + 0*h + 54 = -4*h. Let f(d) = -2*d**3 - 6*d**2 - 6*d - 5. Let k be f(-4). Let w = k - g. What is the units digit of w?
7
Let m = -21 + 33. Let a be (-32)/m*(-3)/2. Suppose 0 = 5*k + a*i - 58, -5*k - 3*i = -4*k - 5. What is the tens digit of k?
1
Let m be 6/3 + 1 + -1. Suppose 375 = 5*b - 4*j, -m*b = -0*b - 3*j - 157. Let n = -38 + b. What is the tens digit of n?
3
Suppose 4*l = 5*p + 33, p = -6 + 1. Suppose l*c = -c + 186. Suppose 0 = 3*y - 5*s - c, 4*y - 5*s - 68 = 18. What is the tens digit of y?
2
Let z(v) be the first derivative of -v**3/3 + 5*v**2/2 - 3*v - 3. Let b be z(5). What is the units digit of (-2)/(30/(-9) - b)?
6
Let b(o) = 33*o**2 - 93*o + 4. What is the hundreds digit of b(-7)?
2
Let k(c) = -c + 10. Let i = 40 + -34. Let l be k(i). What is the units digit of (-1668)/(-42) - l/(-14)?
0
Suppose -11*u + 12*u - 92 = 0. Suppose 0 = 6*p - u - 316. What is the units digit of p?
8
Let f(a) = 13*a**2 + a + 18. Let r be f(-6). Suppose -r = 9*k - 12*k. What is the tens digit of k?
6
Suppose -o = 5*y + 1792, 1598 = -3*y + 2*o + 528. Let n = -166 - y. What is the units digit of n?
2
Suppose 5*f + 4*a = 34 + 26, -5*a - 41 = -f. Suppose 5*o - f = 4*o. Suppose o = 4*b - 20. What is the units digit of b?
9
Let t be 3583/5 - (-46)/115. Suppose 159 + t = 6*j. What is the units digit of j?
6
Let f(r) = r - 9. Let v be f(5). What is the units digit of -30*(v + (1 - -1))?
0
Let i = -228 + 546. Let o = i + -63. What is the tens digit of o?
5
Let a(f) = f**2 + 6*f - 10. Let n be a(-7). Let o(u) = -u**3 - 2*u**2 - u - 2. Let q be o(n). What is the units digit of (152/20)/(4/q)?
9
Let r = -12 - -3. Let w = r - -28. What is the units digit of w?
9
Suppose 0 = y + 3*y - l - 455, 0 = -2*y + 5*l + 241. Suppose -38*x = -37*x + 69. Let r = y + x. What is the tens digit of r?
4
Let w(f) = 32*f**3 + 2*f**2 - 2*f. Let x be w(1). Suppose 5*k = 283 + x. What is the tens digit of k?
6
Let f be 2/5 + (-954)/10. Let j = f - -190. Suppose -j = -5*t - 0*t. What is the tens digit of t?
1
Let p = -1 + -4. Let x(b) = -9*b + 0*b - b + 7 - b**2 - 18. What is the units digit of x(p)?
4
What is the tens digit of 2/(-19) + 154530/570?
7
Let s = -17 - -95. Suppose -2*r + 24 = s. What is the units digit of r/(-4) - 12/16?
6
Let a be (-3 + 15/9)*3. What is the units digit of (85 - (a - -3)) + 3?
9
Let v(o) = 9*o - 2. Let x be v(6). Let p = x + -5. What is the units digit of p?
7
What is the tens digit of (3528/(-20))/((-15)/50)?
8
Let v(p) = p**3 + 4*p**2 - 4*p + 7. Let k be v(-5). Suppose -k*m + 3*m = -4. What is the tens digit of -1 + (-1)/(m/48)?
1
Let k be (36/(-8))/(-1)*-2. Let o = 16 + k. Suppose o*m + 56 = 11*m. What is the tens digit of m?
1
Let j be (-2 + 0 + 3)*19. Let v = 50 + j. What is the units digit of v?
9
Let t = -1090 - -2149. What is the hundreds digit of t?
0
Let b(i) = -2*i + 3. Let j be b(-3). Let h = 18 - j. What is the units digit of h?
9
Let k = 7 + 8. Suppose 4*f - 5 - k = 0. Suppose f*t - 6 = 79. What is the units digit of t?
7
What is the hundreds digit of 32593/44 - 1/(-4)?
7
Suppose 0 = 2*i + 7 - 13. Suppose 2*f - 4*q - 114 = 0, -41 = i*f + q - 177. What is the units digit of f?
7
Let n(h) = 96*h + 4. Let c be n(2). Suppose v + c = 2*g + 5*v, -2*g - v = -211. Suppose 5*y = 2*y + g. What is the units digit of y?
6
Let s(z) = -z - 1. Let b be (-1)/1 - (-5 - -1). Let w be s(b). What is the units digit of 1 + w/2 + 18?
7
Let f(q) = -6*q**3 - 7*q**2 - 16*q + 3. Let l(g) = -g**3 + g**2 - g. Let p(n) = f(n) - 5*l(n). What is the units digit of p(-12)?
5
Let d(l) = -l**3 + 24*l**2 - 18*l + 87. What is the units digit of d(20)?
7
Let l(c) = -c**3 + 7*c**2 + 11*c - 3. Let g be l(8). Let z = g + -66. Let f = -29 - z. What is the units digit of f?
6
Let w(z) = 5*z**3 + 2*z**2 - z + 4. Let h be w(2). Let o = -13 + h. Suppose o + 26 = 3*m. What is the units digit of m?
1
Let s(l) = -18*l - 51. What is the units digit of s(-34)?
1
Let c = -405 - -224. Let w = c - -287. What is the units digit of w?
6
Let l = 3 + -5. Let k be (l/4)/((-13)/338). Suppose k + 77 = 5*a. What is the tens digit of a?
1
Let b be (9/(-4))/(15/(-60)). Suppose -8*s + b*s = 37. Suppose 2*z - j - 135 = 0, -z + 33 = -3*j - s. What is the units digit of z?
7
Suppose 0 = l + 5*p - 598 - 457, 5*l - 4*p - 5333 = 0. What is the tens digit of l?
6
Let z(s) = s**2 - s + 78. What is the units digit of z(-36)?
0
Let v = 66 - -21. Let p = 161 - 17. Let f = p - v. What is the units digit of f?
7
Let g(a) = 34*a**2 + 8*a + 8. What is the units digit of g(5)?
8
Suppose 7*s + 3*j + 1538 = 8*s, j + 3 = 0. What is the hundreds digit of s?
5
Suppose -4*r = -2*r - 4. Let v(a) = -2*a**2 + 34*a + 44. Let q be v(18). Suppose -r*d + q = 6. What is the units digit of d?
1
Suppose -2*k - 3206 = -4*z, -3*k - 5338 = -5*z - 1329. What is the units digit of z?
0
Suppose 95 = 7*l - 66. Suppose 2*x - 13 = -d + l, -x + 135 = 5*d. What is the tens digit of d?
2
Suppose -o + 3*h = -1840, 4*o = -12*h + 8*h + 7360. What is the hundreds digit of o?
8
Suppose -5*h + 3*g = -754, 2*g + 453 = 21*h - 18*h. What is the tens digit of h?
4
Let q(c) = 2*c**3 + 6*c**2 - 11*c - 11. Let z be q(-7). Let i = -158 - z. What is the hundreds digit of i?
1
Let j be (-4)/3*24/16. Let k(d) = 12*d + 6. Let p(v) = -49*v - 24. Let r(a) = j*p(a) - 9*k(a). What is the tens digit of r(-5)?
4
Let r(l) = 8*l + 7. Let d be r(-6). Let q(x) = x**3 - 6*x**2 + 2*x + 2. Let j be q(4). Let f = j - d. What is the tens digit of f?
1
Let w(m) = -m**2 + 3*m - 1. Let u be w(2). What is the tens digit of -1*(u + (-84)/2)?
4
Let b(q) = -q**2 + 3*q + 10. Let a be b(-5). Let g = -3 - a. What is the units digit of g?
7
Suppose 2*n - 116 - 82 = 0. Suppose 0 = o - n + 15. What is the units digit of o?
4
Let x(o) = 16*o**2 - 6*o + 0*o**2 + 12 + 29*o**2. What is the hundreds digit of x(2)?
1
Let i(y) = -y**3 + 14*y**2 + 5*y - 7. Let p be i(-6). Suppose -82 = -5*w + p. What is the tens digit of w?
5
Let u be 159 - -2 - 1*(0 + -3). Let k = u + 54. What is the units digit of k?
8
Let l = 535 - -38. What is the hundreds digit of l?
5
Suppose 9*b - 2*b - 21 = 0. Suppose -3*h = -z - z - 59, -60 = b*z + 5*h. Let l = -11 - z. What is the tens digit of l?
1
Let s(x) = 22*x**2 + 14*x - 40. What is the hundreds digit of s(7)?
1
Suppose 336*o = 325*o + 45111. What is the hundreds digit of o?
1
Let y(g) = 33*g + 29. What is the units digit of y(40)?
9
Let f(b) = 3*b**3 - 18*b**2 + 10*b - 9. What is the thousands digit of f(13)?
3
Suppose 5*q + 2*u = 15, 4*q - 3*u - 10 = 2. Let a be 4/(-2)*9/(-18). What is the units digit of 16 + -5 + q + a?
5
Suppose -5*y = -2*y + 42. Let c = y + 44. Let d = 51 - c. What is the tens digit of d?
2
Suppose 28*x = 40*x - 10380. What is the tens digit of x?
6
Suppose -u + 1514 =